-20)/(-7))/((-32)/(-75488)). Calculate the highest common divisor of s and 80.
20
Let l be -3 + -1 + 56/12 + 435700/75. Calculate the highest common divisor of 7 and l.
7
Suppose -31*c + 1036 = 6*c. Let k = 2 + 1. Suppose k*u = a + 14, u - 3*a - 13 = -3. What is the highest common divisor of c and u?
4
Let u = 837 - 504. Suppose -6*c = c - 219 - 299. What is the greatest common factor of u and c?
37
Let s = 132 - 140. Let u(g) = 4*g**2 - 6*g. Let y be u(s). Let c be 1 - ((-4)/6)/(2/111). What is the highest common divisor of c and y?
38
Let j be (26 - 6)/(0 - (1 + -3)). Suppose 12 = -11*m - j. Let i be (m/8*2)/(2/(-676)). What is the greatest common factor of i and 13?
13
Let j(z) = z**2 - 48*z + 431. Let s be j(49). What is the greatest common factor of 512 and s?
32
Let s = -20077 + 29346. Calculate the highest common factor of 93 and s.
31
Let x(g) = 38 - 6*g - 33 + 27. Let p be x(5). Suppose -10 = p*a - 30. What is the greatest common factor of a and 80?
10
Let u(a) = 7*a**2 - 940*a - 400. Let o be u(135). Calculate the greatest common divisor of 2321 and o.
11
Let a be ((-9)/18)/(9/(-419432 + -4)). Calculate the highest common divisor of a and 122.
122
Let f = 1847 + -1836. Calculate the greatest common factor of 4136 and f.
11
Suppose -532 = 5*w + 723. Let a = w - -286. What is the highest common factor of 20 and a?
5
Suppose 0 = -3*r + 19*o - 18*o - 2, -3*r - 5*o + 28 = 0. Suppose -2*t - 3*h + 3 = r, -4*t = -h - 18. What is the highest common factor of 4 and t?
4
Let o = 20137 + -19481. Calculate the greatest common divisor of o and 861.
41
Let y be 67240/240 + 2/(-12). Suppose -w - 4*c - 22 = -4*w, 4*w - 51 = c. What is the highest common divisor of y and w?
14
Let i be (-96162)/(-528) + (-2)/16. What is the greatest common divisor of i and 196?
14
Let q = 4029 + -4017. Calculate the highest common divisor of 52 and q.
4
Let x(b) = b**2 - 16*b - 392. Let y be x(31). What is the greatest common divisor of y and 6351?
73
Suppose 3*t - p - 31 = 0, 2*p = -2*t + 14 + 20. What is the highest common divisor of t and 4110?
6
Suppose -4298 = -4*c - 3*g, 76*c - 78*c - 4*g + 2134 = 0. Calculate the greatest common factor of c and 169.
13
Let d be 1 + (-4 + -92)/(-4). Let y be ((-65)/d)/((-1)/5). Let w(a) = 30*a - 37. Let i be w(6). What is the greatest common factor of y and i?
13
Suppose -14*p - 39*p + 13*p + 44200 = 0. What is the highest common factor of 13 and p?
13
Suppose 36564 = 41*b - 15834. What is the highest common divisor of b and 738?
18
Let m = 5 - -5. Let z be (8/(-6))/(600/(-6750)). Let f be m/z*-3 - -22. Calculate the highest common factor of f and 180.
20
Let z(g) = -g**3 - 33*g**2 - 68*g - 182. Let k be z(-31). What is the highest common factor of 162 and k?
2
Let c(a) = -80*a. Let b be c(-5). Suppose -206*h - 304 = -225*h. Calculate the highest common factor of b and h.
16
Suppose 26*m + 444 - 1068 = 0. Let z(x) = x**2 + 3*x + 2. Let w be z(-4). Calculate the greatest common factor of w and m.
6
Suppose -g = 3*l - 0*l - 8, 6 = 5*l - 2*g. Let h be (2/l)/(2/10). Suppose -4*x + 38 = -42. What is the highest common divisor of h and x?
5
Let s be 17/((-272)/(-11248))*1*19. What is the greatest common divisor of 111 and s?
37
Let k be (-10)/(-2) + (1 - -64). Suppose 4*i - 497 = -b, 4*b + 582 = 4*i + k. What is the greatest common divisor of 15 and i?
5
Suppose 4*d = 0, -3*d + 2 = 3*m - 4. Suppose v = m*y - 36, -v - 2*v + 4*y - 104 = 0. Let r = 49 + v. What is the highest common factor of r and 68?
17
Let n be (-1380)/(-2)*(-5)/((-125)/10). Let l be (9/6)/(2 + (-543)/n). Let o = -38 + l. Calculate the greatest common divisor of 1 and o.
1
Let n(j) = -4*j**2 - 61*j - 173. Let s be n(-11). What is the greatest common divisor of s and 511?
7
Suppose 0 = -10*o - 58 - 42. Let r be (-19188)/(-144) - o/(-8). What is the greatest common divisor of 88 and r?
44
Let c = 39 - 42. Let m = c + 1. Let y be (1/(m/8))/(-1). Calculate the highest common factor of 4 and y.
4
Let c = -4763 - -4774. Calculate the greatest common factor of c and 20328.
11
Suppose -4*i = -25 - 23. Let f be (-6)/i + (-12)/8 + 2. Suppose -11*r + 2*r + 18 = f. Calculate the greatest common factor of r and 2.
2
Suppose 7*y + 33957 = 4*l, -4674 - 3876 = -l - 5*y. What is the greatest common divisor of l and 324?
81
Let p = 15549 + -15227. Calculate the greatest common divisor of p and 350.
14
Let h = 2164 + -2088. What is the highest common factor of 7486 and h?
38
Let t(u) = -u**3 - 64*u**2 - u - 25. Let c be t(-64). Calculate the greatest common divisor of c and 42.
3
Suppose 15*s = -s + 2240. Suppose -14*r + s = -9*r. What is the greatest common factor of r and 70?
14
Let g(v) = 127*v**3 + v**2. Let l be g(1). Let f = 107304 + -107300. Calculate the greatest common divisor of f and l.
4
Suppose 3*i - 270 = 4*z - 223, 5*i = 3*z + 60. Calculate the highest common divisor of 3420 and i.
9
Suppose -20*h = -6*h - 196. Let i = h - 18. Let f be i/6 - (175/(-15) + -4). What is the highest common divisor of f and 3?
3
Let y(s) = -222*s + 1. Let v be y(2). Let o = v - -785. What is the greatest common divisor of 18 and o?
18
Suppose -2*y = 3*x - 15, -y + 12 = 3*y. Suppose -t + x*t = 8. Let c be t/36*3*(-126)/(-3). What is the greatest common divisor of 98 and c?
14
Let f be 698/26 - 30/(-195). Suppose 2*n + 2*y - 50 = 0, -y + 4*y - 101 = -4*n. Let q = f - n. What is the greatest common divisor of 2 and q?
1
Let k = 39226 - 39201. Calculate the highest common divisor of k and 2295.
5
Suppose 0 = -o - 2, 23*l - 24*l + 6 = 4*o. What is the highest common factor of 1211 and l?
7
Let u = 105 - 97. Suppose -u*n = -0*n - 216. Calculate the highest common divisor of n and 12.
3
Let s = -16 - -35. Let b(i) = -i**2 + 20*i - 4. Let h be b(s). Let p be 1100/h*(5 + -2). Calculate the highest common factor of p and 20.
20
Let t = -5986 + 6021. What is the highest common divisor of t and 12845?
35
Suppose 4*w - 18 = 7*w. Let l be (11/(-2) + 6)/((-1)/w). Suppose o + 0*s - 45 = -5*s, -2*s = l*o - 96. Calculate the greatest common factor of o and 12.
6
Suppose 0 = 10*r - 11*r + 3*c + 27, 5*r - 96 = 2*c. Suppose -r*n + n + 323 = 0. Let j = 196 + -44. What is the greatest common divisor of j and n?
19
Let v be 59*1 - (-1)/1. Let h(k) = k**3 - 3*k**2 - 104*k + 66. Let j be h(-9). Calculate the highest common divisor of j and v.
30
Let z(o) = 13*o - 44. Let t be z(3). Let h be 67 + (t - (-3)/1). What is the greatest common divisor of h and 26?
13
Let i(y) = 48*y**3. Let n be i(1). Suppose -78*p = -55*p - 8372. Suppose p = -8*o + 412. Calculate the highest common factor of n and o.
6
Let c = -15925 - -44943. Calculate the highest common divisor of c and 11.
11
Suppose 0 = -178*k + 284*k + 234*k - 1054000. What is the greatest common factor of 434 and k?
62
Let u(k) = -k**3 + 8*k**2 + 37*k - 113. Let m be u(10). What is the highest common factor of m and 42?
3
Let i be (-36)/(-2*(-9)/(-477) + 0). Calculate the highest common factor of 54 and i.
18
Let c be ((-2)/(-5))/(5 - (-138)/(-30)). Let q be (0 - c) + 3 + 205. Calculate the highest common factor of 23 and q.
23
Let h be (-6 - (0 + (-1)/1))*-1. Suppose 0 = h*j - r - 678, -2*j + 6*j = -5*r + 554. What is the highest common factor of j and 102?
34
Let d be (-4)/(-14) - 1188/(-7). Let x(w) = 2*w**3 - 41*w**2 - 19*w - 22. Let o be x(21). What is the greatest common factor of d and o?
10
Let d(i) = i**2 + 30*i + 662. Let t be d(-20). Calculate the highest common divisor of t and 6.
6
Suppose 0 = 38*h - 36*h - 4. Let z(b) = 3*b**3 - b**2 - b + 2. Let v be z(h). Calculate the greatest common divisor of 220 and v.
20
Suppose -4*z - 360 = -4*k, 0 = 4*k + 8*z - 11*z - 354. What is the greatest common factor of 24 and k?
12
Let t(i) = 265*i + 3943. Let x be t(-12). What is the highest common divisor of x and 98?
7
Let r be (-432 + 3 + 1)*(-3)/(-30)*-15. Calculate the highest common factor of r and 1391.
107
Suppose 17*l - 260 = -3*l. Let t = -21 + 151. What is the greatest common divisor of l and t?
13
Let l(g) be the second derivative of -g**5/20 - 13*g**4/12 - 43*g**3/6 + 7*g**2 + 244*g. Let q be l(-10). Calculate the greatest common factor of 2 and q.
2
Let y be ((-3)/(-4))/(3/60). Let b = 112 + -98. Suppose -b*n + 632 = -1048. Calculate the greatest commo